{"id":337,"date":"2022-11-30T17:11:48","date_gmt":"2022-11-30T22:11:48","guid":{"rendered":"https:\/\/vibeke.life\/?page_id=337"},"modified":"2024-07-22T11:13:52","modified_gmt":"2024-07-22T16:13:52","slug":"shift-your-career","status":"publish","type":"page","link":"https:\/\/vibeke.life\/fr\/shift-your-career\/","title":{"rendered":"R\u00e9orientation professionnelle"},"content":{"rendered":"<div class=\"wp-block-image\">\n<figure class=\"aligncenter size-large is-resized\"><img decoding=\"async\" width=\"1024\" height=\"683\" data-src=\"https:\/\/vibeke.life\/wp-content\/uploads\/2022\/12\/qtq80-z1LnCd-1024x683.jpeg\" alt=\"Shift Your Career, Career Reorientation\" class=\"wp-image-533 lazyload\" style=\"--smush-placeholder-width: 1024px; --smush-placeholder-aspect-ratio: 1024\/683;width:512px;height:342px\" data-srcset=\"https:\/\/vibeke.life\/wp-content\/uploads\/2022\/12\/qtq80-z1LnCd-1024x683.jpeg 1024w, https:\/\/vibeke.life\/wp-content\/uploads\/2022\/12\/qtq80-z1LnCd-300x200.jpeg 300w, https:\/\/vibeke.life\/wp-content\/uploads\/2022\/12\/qtq80-z1LnCd-768x513.jpeg 768w, https:\/\/vibeke.life\/wp-content\/uploads\/2022\/12\/qtq80-z1LnCd.jpeg 1254w\" data-sizes=\"(max-width: 1024px) 100vw, 1024px\" src=\"data:image\/svg+xml;base64,PHN2ZyB3aWR0aD0iMSIgaGVpZ2h0PSIxIiB4bWxucz0iaHR0cDovL3d3dy53My5vcmcvMjAwMC9zdmciPjwvc3ZnPg==\" \/><\/figure>\n<\/div>\n\n\n<h2 class=\"wp-block-heading\">Ces affirmations vous semblent-elles famili\u00e8res ?<\/h2>\n\n\n\n<p class=\"has-theme-palette-4-color has-theme-palette-7-background-color has-text-color has-background has-link-color wp-elements-d8e9697e7a1126ca6a4cf69f146e5121\" style=\"padding-top:var(--wp--preset--spacing--50);padding-right:var(--wp--preset--spacing--50);padding-bottom:var(--wp--preset--spacing--50);padding-left:var(--wp--preset--spacing--50);line-height:2\">\u2743<strong> Je d\u00e9teste les lundis.<\/strong>.<br>\u2743 <strong>Je me sens \u00e9puis\u00e9(e) \u00e0 l\u2019arriv\u00e9e du week-end.<\/strong><br>\u2743 <strong>Mon travail me vide de toute mon \u00e9nergie.<\/strong><br>\u2743 <strong>J\u2019aimais mon travail, mais maintenant je me sens insatisfait(e).<\/strong><br>\u2743 <strong>Je sens que mes valeurs ne sont plus en ad\u00e9quation avec celles de mon employeur.<\/strong><br>\u2743 <strong>J\u2019aimerais faire un travail dont je serais fier\/fi\u00e8re.<\/strong><br>\u2743 <strong>Je ne suis pas passionn\u00e9(e) par le travail que je fais.<\/strong><br>\u2743 <strong>J\u2019aimerais changer de carri\u00e8re, mais je suis inquiet\/inqui\u00e8te pour ma s\u00e9curit\u00e9 financi\u00e8re.<\/strong><\/p>\n\n\n\n<p>Certaines personnes ont la chance de savoir depuis leur plus jeune \u00e2ge ce qu\u2019elles veulent devenir. Malheureusement, ce n\u2019est pas le cas pour la plupart d\u2019entre nous. Qu\u2019est-ce qui les rend diff\u00e9rents ? Pourquoi leurs carri\u00e8res leur apportent-elles un sentiment d\u2019accomplissement et de but, alors que beaucoup d\u2019entre nous luttent pour trouver un \u00e9quilibre entre travail et vie personnelle ? Vous les entendrez dire que leur travail ne ressemble m\u00eame pas \u00e0 du travail. C\u2019est le r\u00eave, n\u2019est-ce pas ?<\/p>\n\n\n\n<p>Croyez-le ou non, c\u2019est tout \u00e0 fait \u00e0 votre port\u00e9e !<\/p>\n\n\n\n<div class=\"wp-block-group\"><div class=\"wp-block-group__inner-container is-layout-constrained wp-block-group-is-layout-constrained\">\n<h2 class=\"wp-block-heading\">En travaillant avec moi pour r\u00e9orienter votre carri\u00e8re, vous pouvez vous attendre \u00e0 :<\/h2>\n\n\n\n<p class=\"has-background\" style=\"background-color:#ed600c21;font-size:18px;line-height:2\"><strong>\u2714 Devenir parfaitement clair sur les changements que vous voulez apporter.<\/strong><br><strong><strong>\u2714 Avoir un plan d\u2019action clair pour avancer.<\/strong><br>\u2714 Trouver la motivation n\u00e9cessaire pour sortir de votre zone de confort.<br>\u2714 D\u00e9bloquer votre plein potentiel en d\u00e9couvrant vos capacit\u00e9s uniques.<br>\u2714 Construire la confiance en soi et am\u00e9liorer les comp\u00e9tences en communication.<br>\u2714 Ressentir un sentiment d\u2019accomplissement et d\u2019autonomie.<br>\u2714 Attirer le bon emploi ou les bons clients.<\/strong><\/p>\n<\/div><\/div>\n\n\n\n<p>Avant d\u2019y parvenir, vous devrez \u00eatre clair sur vos passions et sur ce qui donne du sens \u00e0 votre vie. Ne vous inqui\u00e9tez pas si cela est encore un peu flou. Quelques s\u00e9ances avec moi rendront tout cela parfaitement clair ! Ensuite, nous d\u00e9couvrirons votre capacit\u00e9 unique (oui, tout le monde en a une !). C\u2019est un changement de jeu ! La prochaine \u00e9tape sera de lib\u00e9rer les programmations subconscientes qui vous retiennent.<\/p>\n\n\n\n<p>Nous avons tendance \u00e0 faire des choix bas\u00e9s sur des programmations subconscientes. M\u00eame si vous en \u00eates conscient(e), vous vivez probablement une vie qui, au fond, n\u2019est pas vraiment la v\u00f4tre \u00e0 100 %. Vous avez peut-\u00eatre pris une certaine voie professionnelle parce que c\u2019\u00e9tait la chose \u201cs\u00fbre\u201d \u00e0 faire, bas\u00e9e sur des programmations de \u201cpeur\u201d de vos grands-parents qui ont v\u00e9cu des p\u00e9riodes difficiles. Ou, vous avez peut-\u00eatre choisi une certaine carri\u00e8re pour rendre vos parents heureux, soit en suivant leurs traces, soit en faisant ce qu\u2019ils r\u00eavaient de faire mais n\u2019ont pas pu accomplir. Pour \u00eatre vraiment heureux\/heureuse, \u00e9panoui(e), et avoir un sens dans votre vie, vous devez vous lib\u00e9rer des programmations subconscientes qui ne vous servent pas.<\/p>\n\n\n\n<p>Bien que le chemin de chacun soit diff\u00e9rent, soyez assur\u00e9(e) que les s\u00e9ances seront adapt\u00e9es \u00e0 votre situation sp\u00e9cifique. Je vous guiderai \u00e0 travers une formule \u00e9prouv\u00e9e qui non seulement clarifiera ce que vous devriez faire, mais vous donnera \u00e9galement les outils et l\u2019\u00e9tat d\u2019esprit pour sortir de votre zone de confort et r\u00e9aliser vos r\u00eaves !<\/p>\n\n\n\n<blockquote class=\"wp-block-quote is-layout-flow wp-block-quote-is-layout-flow\">\n<p>\u00ab La croissance est douloureuse. Le changement est douloureux. Mais rien n\u2019est aussi douloureux que de rester coinc\u00e9 quelque part o\u00f9 vous ne vous sentez pas \u00e0 votre place. \u00bb<\/p>\n<cite>&#8211; Mandy Hale<\/cite><\/blockquote>","protected":false},"excerpt":{"rendered":"<p>Do any of these statements sound familiar? \u2743 I hate Mondays.\u2743 I feel exhausted by the time the weekend arrives.\u2743 My job drains me of all my energy.\u2743 I used to love my job but now I feel unfulfilled.\u2743 I feel like my values don&#8217;t align with my employer&#8217;s values anymore.\u2743 I wish I could&#8230;<\/p>","protected":false},"author":1,"featured_media":0,"parent":0,"menu_order":0,"comment_status":"closed","ping_status":"closed","template":"","meta":{"content-type":"","inline_featured_image":false,"_kad_post_transparent":"","_kad_post_title":"","_kad_post_layout":"right","_kad_post_sidebar_id":"sidebar-primary","_kad_post_content_style":"","_kad_post_vertical_padding":"","_kad_post_feature":"","_kad_post_feature_position":"","_kad_post_header":false,"_kad_post_footer":false,"_kad_post_classname":"","footnotes":""},"class_list":["post-337","page","type-page","status-publish","hentry"],"_links":{"self":[{"href":"https:\/\/vibeke.life\/fr\/wp-json\/wp\/v2\/pages\/337","targetHints":{"allow":["GET"]}}],"collection":[{"href":"https:\/\/vibeke.life\/fr\/wp-json\/wp\/v2\/pages"}],"about":[{"href":"https:\/\/vibeke.life\/fr\/wp-json\/wp\/v2\/types\/page"}],"author":[{"embeddable":true,"href":"https:\/\/vibeke.life\/fr\/wp-json\/wp\/v2\/users\/1"}],"replies":[{"embeddable":true,"href":"https:\/\/vibeke.life\/fr\/wp-json\/wp\/v2\/comments?post=337"}],"version-history":[{"count":35,"href":"https:\/\/vibeke.life\/fr\/wp-json\/wp\/v2\/pages\/337\/revisions"}],"predecessor-version":[{"id":1367,"href":"https:\/\/vibeke.life\/fr\/wp-json\/wp\/v2\/pages\/337\/revisions\/1367"}],"wp:attachment":[{"href":"https:\/\/vibeke.life\/fr\/wp-json\/wp\/v2\/media?parent=337"}],"curies":[{"name":"wp","href":"https:\/\/api.w.org\/{rel}","templated":true}]}}

Réorientation professionnelle

<div class="wp-block-image">
<figure class="aligncenter size-large is-resized"><img decoding="async" width="1024" height="683" data-src="https://vibeke.life/wp-content/uploads/2022/12/qtq80-z1LnCd-1024x683.jpeg" alt="Shift Your Career, Career Reorientation" class="wp-image-533 lazyload" style="--smush-placeholder-width: 1024px; --smush-placeholder-aspect-ratio: 1024/683;width:512px;height:342px" data-srcset="https://vibeke.life/wp-content/uploads/2022/12/qtq80-z1LnCd-1024x683.jpeg 1024w, https://vibeke.life/wp-content/uploads/2022/12/qtq80-z1LnCd-300x200.jpeg 300w, https://vibeke.life/wp-content/uploads/2022/12/qtq80-z1LnCd-768x513.jpeg 768w, https://vibeke.life/wp-content/uploads/2022/12/qtq80-z1LnCd.jpeg 1254w" data-sizes="(max-width: 1024px) 100vw, 1024px" src="data:image/svg+xml;base64,PHN2ZyB3aWR0aD0iMSIgaGVpZ2h0PSIxIiB4bWxucz0iaHR0cDovL3d3dy53My5vcmcvMjAwMC9zdmciPjwvc3ZnPg==" /></figure>
</div>


<h2 class="wp-block-heading">Ces affirmations vous semblent-elles familières ?</h2>



<p class="has-theme-palette-4-color has-theme-palette-7-background-color has-text-color has-background has-link-color wp-elements-d8e9697e7a1126ca6a4cf69f146e5121" style="padding-top:var(--wp--preset--spacing--50);padding-right:var(--wp--preset--spacing--50);padding-bottom:var(--wp--preset--spacing--50);padding-left:var(--wp--preset--spacing--50);line-height:2">❃<strong> Je déteste les lundis.</strong>.<br>❃ <strong>Je me sens épuisé(e) à l’arrivée du week-end.</strong><br>❃ <strong>Mon travail me vide de toute mon énergie.</strong><br>❃ <strong>J’aimais mon travail, mais maintenant je me sens insatisfait(e).</strong><br>❃ <strong>Je sens que mes valeurs ne sont plus en adéquation avec celles de mon employeur.</strong><br>❃ <strong>J’aimerais faire un travail dont je serais fier/fière.</strong><br>❃ <strong>Je ne suis pas passionné(e) par le travail que je fais.</strong><br>❃ <strong>J’aimerais changer de carrière, mais je suis inquiet/inquiète pour ma sécurité financière.</strong></p>



<p>Certaines personnes ont la chance de savoir depuis leur plus jeune âge ce qu’elles veulent devenir. Malheureusement, ce n’est pas le cas pour la plupart d’entre nous. Qu’est-ce qui les rend différents ? Pourquoi leurs carrières leur apportent-elles un sentiment d’accomplissement et de but, alors que beaucoup d’entre nous luttent pour trouver un équilibre entre travail et vie personnelle ? Vous les entendrez dire que leur travail ne ressemble même pas à du travail. C’est le rêve, n’est-ce pas ?</p>



<p>Croyez-le ou non, c’est tout à fait à votre portée !</p>



<div class="wp-block-group"><div class="wp-block-group__inner-container is-layout-constrained wp-block-group-is-layout-constrained">
<h2 class="wp-block-heading">En travaillant avec moi pour réorienter votre carrière, vous pouvez vous attendre à :</h2>



<p class="has-background" style="background-color:#ed600c21;font-size:18px;line-height:2"><strong>✔ Devenir parfaitement clair sur les changements que vous voulez apporter.</strong><br><strong><strong>✔ Avoir un plan d’action clair pour avancer.</strong><br>✔ Trouver la motivation nécessaire pour sortir de votre zone de confort.<br>✔ Débloquer votre plein potentiel en découvrant vos capacités uniques.<br>✔ Construire la confiance en soi et améliorer les compétences en communication.<br>✔ Ressentir un sentiment d’accomplissement et d’autonomie.<br>✔ Attirer le bon emploi ou les bons clients.</strong></p>
</div></div>



<p>Avant d’y parvenir, vous devrez être clair sur vos passions et sur ce qui donne du sens à votre vie. Ne vous inquiétez pas si cela est encore un peu flou. Quelques séances avec moi rendront tout cela parfaitement clair ! Ensuite, nous découvrirons votre capacité unique (oui, tout le monde en a une !). C’est un changement de jeu ! La prochaine étape sera de libérer les programmations subconscientes qui vous retiennent.</p>



<p>Nous avons tendance à faire des choix basés sur des programmations subconscientes. Même si vous en êtes conscient(e), vous vivez probablement une vie qui, au fond, n’est pas vraiment la vôtre à 100 %. Vous avez peut-être pris une certaine voie professionnelle parce que c’était la chose “sûre” à faire, basée sur des programmations de “peur” de vos grands-parents qui ont vécu des périodes difficiles. Ou, vous avez peut-être choisi une certaine carrière pour rendre vos parents heureux, soit en suivant leurs traces, soit en faisant ce qu’ils rêvaient de faire mais n’ont pas pu accomplir. Pour être vraiment heureux/heureuse, épanoui(e), et avoir un sens dans votre vie, vous devez vous libérer des programmations subconscientes qui ne vous servent pas.</p>



<p>Bien que le chemin de chacun soit différent, soyez assuré(e) que les séances seront adaptées à votre situation spécifique. Je vous guiderai à travers une formule éprouvée qui non seulement clarifiera ce que vous devriez faire, mais vous donnera également les outils et l’état d’esprit pour sortir de votre zone de confort et réaliser vos rêves !</p>



<blockquote class="wp-block-quote is-layout-flow wp-block-quote-is-layout-flow">
<p>« La croissance est douloureuse. Le changement est douloureux. Mais rien n’est aussi douloureux que de rester coincé quelque part où vous ne vous sentez pas à votre place. »</p>
<cite>&#8211; Mandy Hale</cite></blockquote>
